git of r?
0
Let f(s) = -s**2 - 3*s + 2. Let t(h) = -2*h**2 - 5*h + 3. Let m(o) = 7*f(o) - 4*t(o). What is the units digit of m(0)?
2
Suppose -f + 3*f - 10 = 0. Let k(h) be the third derivative of h**6/120 - h**5/15 - h**4/8 + 2*h**3/3 + 5*h**2. What is the tens digit of k(f)?
1
Let k = -23 - -13. What is the units digit of ((-2)/3)/(k/75)?
5
Let v(u) = u - 1 - 2*u + 4. What is the units digit of v(0)?
3
Let z(g) = g**3 - 5*g**2 - 6*g + 4. Let w be z(6). Suppose 4*o - 11 - 13 = -w*a, -2*o = 4*a - 14. What is the units digit of a?
1
Let m = -54 - -78. Let a(u) = 12*u + 1. Let c be a(3). Let i = c - m. What is the units digit of i?
3
Let x(v) = 4*v. Let j be x(1). Suppose -j*b = -5*b + 22. What is the units digit of b?
2
Let s be ((-1)/3)/(1/(-9)). What is the tens digit of (-5)/((-5)/38) + s?
4
Let s be -3*4/(-18)*12. What is the units digit of (-6 - -1)*(-24)/s?
5
Suppose 2*l + 2 = -0. Let r be 41 + l*(-2)/(-2). Suppose -3*y = 0, -4*y + 3*y + r = 5*u. What is the units digit of u?
8
Let y(f) = 13*f - 9. Let m(l) = 6*l - 4. Let k(n) = -9*m(n) + 4*y(n). What is the units digit of k(-5)?
0
Suppose -3*z - 78 = -315. Let r = 111 - z. Suppose -3*m - m = -r. What is the units digit of m?
8
Let u(i) = i**3 + 4*i**2 - 9*i + 5. What is the units digit of u(-5)?
5
Let v be -1*((-1)/(-1) - -2). Let d = v - -4. What is the units digit of d?
1
Let l(g) = g + 9. Let u be l(-7). Suppose 0*h - 30 = -u*h - a, -31 = -3*h + 2*a. What is the units digit of h?
3
Let l = 8 - 6. Suppose -3*y = 2*h - 18, 18 = -0*y + 3*y - l*h. What is the units digit of y?
6
Let i(l) = 138*l**3 - 3*l**2 + 4*l - 2. What is the tens digit of i(1)?
3
Let w = -7 + 12. Let k be w*(-2 + (-2 - -5)). Suppose -3*g + 9 = 0, -k*y = 3*g - 4*g - 27. What is the units digit of y?
6
Suppose -5*h - 12 = 4*p + 8, -5*h - 5*p - 25 = 0. Suppose 0 = -h*u - 3*u + 90. What is the tens digit of u?
3
Suppose -9*t - 332 = -13*t. What is the tens digit of t?
8
Suppose -4*t = -3*t - 137. What is the units digit of t?
7
What is the units digit of (-13200)/(-32)*((-12)/9 - -2)?
5
Let f(g) = -g - 2. Let y = -11 + 15. Let c be y/6 - 11/3. What is the units digit of f(c)?
1
Let t = 309 - 195. What is the tens digit of t?
1
Suppose 0 = 8*o - 63 - 409. What is the tens digit of o?
5
Let q(l) = 2*l**3 - l**2 + 3*l - 2. What is the units digit of q(1)?
2
Let t be (-2 - (-57)/(-1))/(-1). Suppose 2*r - 5*r - t = -2*k, -5*r = k - 10. What is the tens digit of k?
2
Suppose y + 39 = -0. Let s be y/15 - 6/15. What is the units digit of (2 + -3)/(s/21)?
7
Suppose -2*b = 6, 2*l + 15 = -l + 2*b. Let w(u) = -u**3 - 7*u**2 + u + 9. What is the units digit of w(l)?
2
Suppose 119 = 5*i + 44. Suppose -10*c + i = -5*c. Suppose d + c*p - 5 = 0, -p + 3*p + 2 = 0. What is the units digit of d?
8
Let m be (-1)/4 - 27/(-12). Suppose 2*k = -t + 72, k + 94 = 4*k - m*t. What is the tens digit of k?
3
Let p = -177 - -418. What is the tens digit of p?
4
Suppose -3*y + 25 = -53. What is the tens digit of y?
2
Let r(g) = g. Suppose 0 = -2*l + 3*h + 32, 6*l - l - 58 = 2*h. What is the tens digit of r(l)?
1
Suppose 2*l + 4*i = -3*l + 37, 3*i = -4*l + 30. Suppose 5*b = -g + l, -4 + 0 = 4*g. What is the units digit of b?
2
Let k be 0/(-3)*1 - -5. Suppose -4*r = r - k*u - 75, 3*u - 83 = -5*r. What is the units digit of r?
6
Let f = 2 - -4. Let x(q) = 3*q + 31. Let c(n) = 4*n + 46. Let u(w) = 5*c(w) - 7*x(w). What is the units digit of u(f)?
7
Let j be (1 - 0)/(5/25). Let t = j - 4. What is the units digit of t?
1
Let i(y) = y**3 - 7*y**2 - 9*y - 2. Let u be i(8). Let a = u + 19. Let s = a + -6. What is the units digit of s?
3
What is the units digit of (-3)/1 + (24 - -2)?
3
Let s(y) = 4*y**2 + y + 2. Let t be s(2). Suppose 0 = 2*k + 3*k - t. What is the units digit of k?
4
Let z = 91 + -27. What is the units digit of z?
4
Suppose -5*a + 15 = -4*a. What is the tens digit of a?
1
Suppose 0 = -5*v + 9 + 11. Suppose 0 = -v*o - 5*q + 3, -3*q + 0*q = 3*o - 3. What is the units digit of o?
2
Suppose 65 = 3*m - 3*g - 4, 0 = -4*m + 3*g + 89. What is the units digit of m?
0
Suppose -3*f + 21 = -6. Let y(n) = -n - f - n**2 - 13*n + n. What is the units digit of y(-12)?
3
Let r(h) = -h**3 + 3*h**2 + 2*h - 1. Let a be r(4). Let u(c) = -c**3 - 6*c**2 + c + 7. Let j be u(-6). What is the units digit of (a/3 - -22)*j?
9
Let i(q) = -q - 4. Let r be i(-4). What is the units digit of r + -1 + 9 - 1?
7
Let q = -2 - -2. Let k be 26 - q*(-3)/(-9). Let j = k - 18. What is the units digit of j?
8
Let w = 17 - 12. Suppose w*g = 19 + 11. What is the units digit of g?
6
Let i(y) be the third derivative of -y**4/24 + 7*y**3/2 + y**2. What is the units digit of i(19)?
2
Suppose 4*f + 0*b = -3*b - 13, -2*f = -4*b - 10. Let s = 1 + f. Suppose s = -5*k + 75 - 20. What is the units digit of k?
1
Let j(l) = l**3 - l + 27. Let m be (0 - 0)/(3 - 2). Let w be j(m). Suppose w + 29 = 4*g. What is the tens digit of g?
1
Suppose -4*t - 3*f + 52 = -47, -5*f = 4*t - 109. Let n = t - 9. What is the tens digit of n?
1
Let z be ((-14)/6)/(4/(-36)). Let j(q) = q**3 + 8*q**2 + 6*q - 7. Let u be j(-7). Suppose t + u*t = z. What is the tens digit of t?
2
Suppose -2*v + 1 = -5. Suppose 24 = -v*z + 5*z - 3*a, -28 = -4*z - 4*a. Let i = 16 - z. What is the units digit of i?
7
Let t(l) = l - 7. Let h be t(7). Suppose h = -q - 0*q. Suppose 11 = 5*r - q*j + 3*j, 4*r - 5*j = 31. What is the units digit of r?
4
Let l(x) = -6*x**3 + 3*x**2 - 2*x. Let t be l(2). Let r = t + 16. What is the units digit of (-1)/(-3) - r/9?
3
Suppose -8*y = -9*y + 80. What is the units digit of y?
0
Suppose -6*k = -149 - 379. What is the units digit of k?
8
What is the units digit of -3*((-5)/3 - 1)?
8
Let w = 0 + -2. Let c be (-2 - -4)/w - 1. What is the units digit of (c/4)/(2/(-16))?
4
Suppose -441 = 5*q - 12*q. What is the tens digit of q?
6
Let v be 1/2*(2 - 2). Suppose 2*o - 4*o + 8 = v. What is the units digit of (-26)/(-7) + o/14?
4
Let a(h) = -7*h - 2. What is the tens digit of a(-3)?
1
Let x(c) be the second derivative of -3*c**5/20 + c**2/2 - 3*c. Suppose t - 2 = 3*t. What is the units digit of x(t)?
4
Let h = 97 - -88. What is the tens digit of h?
8
Let u = 15 - 11. Suppose -5*i + 4*c + 100 = 0, -2*i - u*c = -7*c - 47. What is the units digit of i?
6
Suppose 4*x + 3*o + 24 = -4, -3*x = 2*o + 20. Let a = x - -6. Let r = 4 + a. What is the units digit of r?
6
Let n(f) = f**3 - 8*f**2 + 3*f + 6. What is the tens digit of n(8)?
3
Suppose 96 = -20*t + 21*t. What is the tens digit of t?
9
What is the hundreds digit of 2*(-2)/((-4)/(-133))*-1?
1
Let l(w) = -w**3 - 11*w**2 - 11*w - 6. What is the hundreds digit of l(-11)?
1
Let u(q) = -q**3 + 7*q**2 - q + 7. Let f be u(7). Suppose 0 = -f*n + 4*n. Suppose n = v - 1 - 8. What is the units digit of v?
9
Let f(r) = -10*r - 14. What is the tens digit of f(-10)?
8
Suppose -5*g + 3*g = -16. Suppose g = z - 8. What is the tens digit of z?
1
Let w be (5 - 2)*(-34)/6. Let i = -4 - w. What is the units digit of i?
3
Suppose y = -2*y + 15. Suppose 0 = -0*w + y*w. Suppose w*h - 3*h = b - 22, 4*b + 4*h - 56 = 0. What is the units digit of b?
0
Let k(c) = 2*c**2 - 8*c - 4. Let v be k(6). Suppose 4*z - v = 5*o + 8, -4*z - 4*o - 8 = 0. Let f = z + -1. What is the units digit of f?
1
Suppose -3*h + u + 1 + 6 = 0, -3*h = 5*u - 1. Let w = 7 - 6. Let y = h - w. What is the units digit of y?
1
Suppose 0 = 4*l - 5*z - 3, 2*l = 4*l + 4*z - 34. Let y(m) = -3*m + 3. Let p(n) = -10*n + 10. Let o(j) = 2*p(j) - 7*y(j). What is the units digit of o(l)?
6
Let h(k) be the third derivative of k**6/120 + 2*k**5/15 + k**4/8 + k**2. Let s be h(-7). Let r = s + -11. What is the units digit of r?
7
Let k be 2/(-3) - 231/(-9). Suppose 2*q + 3*m + 0*m = 35, 0 = 2*q + 5*m - k. Suppose -z = -5*z + 4*o - 8, -5*z = 2*o - q. What is the units digit of z?
3
Let m(c) = c**2 - 4*c - 12. What is the tens digit of m(8)?
2
Suppose 4*r = 3*f + 391, -2*f = 3*r + 3*f - 257. Suppose -126 - r = -5*o. What is the units digit of o?
4
Let n be 6 - (-6)/((-9)/(-3)). Let g be n/(-20) + 2/5. Suppose 2*p - 7 + 1 = g. What is the units digit of p?
3
Suppose -3*q + 119 = 26. Suppose 0 = u + 4*u - 20, -4*u + q = -i. Let d = i + 26. What is the tens digit of d?
1
Suppose -3*t - 3*n = -45, -6 = -4*n - 2. Let q = t - 8. What is the units dig